 - 37 - (-1 + -5) - 5.
4
Evaluate -4 + (0 - -1 - (-59 - -46)).
10
Calculate -20 - -19 - (-7 + 2).
4
Evaluate -6 + 8 + (8 - 12).
-2
Calculate 1 + 0 - (7 + (-5 - -3)).
-4
3 + -2 + -5 + 2
-2
Calculate -9 - (-4 + 5) - -7.
-3
Calculate -3 + -9 - (22 - 27).
-7
Calculate -2 + -8 + (8 - 2) + 0.
-4
What is the value of -8 - (-6 + 4 + -2)?
-4
What is 0 - 5 - (102 + -100)?
-7
What is the value of (5 - 5) + (8 - 4)?
4
Evaluate -3 - 0 - (2 - 7).
2
What is the value of -8 + (15 - 7) + 1?
1
What is the value of (5 - 3) + -5 + 3 - -3?
3
-3 + 5 + -3 + -2
-3
What is the value of (1 - (1 - -3)) + 1?
-2
Evaluate 1 + 10 + 4 + -9.
6
What is 2 - (8 + -5 + 2 - 0)?
-3
What is -94 - -96 - (4 + 2 + -2)?
-2
What is -7 + (0 - 2) - (27 - 31)?
-5
What is -25 + 29 - (12 + -1 + -2)?
-5
-6 - (5 + -11 + 4)
-4
What is the value of -9 + 9 + 6 + -3?
3
What is -3 + (-4 - -4) + 1?
-2
What is the value of (10 - 6) + (-5 - 2)?
-3
Calculate (6 - (16 + -4)) + 6.
0
-1 + -2 - ((16 - 9) + -6)
-4
Evaluate (1 - -1) + (4 - (5 + 2)).
-1
Calculate 23 + -17 + (-3 - (-3 - 0)).
6
What is -3 - 7 - -8 - (0 - -2)?
-4
Calculate -1 + (3 + 5 - (-1 - -3)).
5
Evaluate -2 + (-4 - -8) - (2 - 0).
0
Evaluate -1 + (4 - (-1 + 3)).
1
What is the value of 13 + (-6 - -4) + 1 + -5?
7
Evaluate -3 + -2 + 6 + -5.
-4
Evaluate (-2 - 3 - -8) + -5 - -1.
-1
Evaluate 18 + (-12 - -4) + -3.
7
-3 - (-2 + (-12 - -7))
4
Evaluate 10 + -9 - -1 - 4.
-2
Evaluate 58 + -58 - (3 - -1).
-4
Calculate (-8 - -2) + 11 - (2 - -7).
-4
Calculate -8 + 0 + 5 - -3.
0
Evaluate -1 + -1 - (-16 + (13 - -9)).
-8
Calculate 8 - (11 + 5 + -10).
2
What is 31 - 33 - (-5 + (0 - 0))?
3
Evaluate -48 - -34 - (-1 + -7).
-6
What is the value of (-3 - (-2 + 1)) + -1?
-3
What is 4 + -1 + -64 + 68?
7
(-10 - -2 - (-3 + 3)) + 5
-3
4 + (5 - (9 + -2))
2
What is the value of -2 + (1 - (3 + -4))?
0
-4 - -7 - (-2 - -2)
3
What is (6 - 5) + (-10 - -3)?
-6
Calculate 1 - (-3 + (-2 - 3)) - -1.
10
Evaluate -9 - (0 + -8 + 3).
-4
What is the value of -1 - 2 - (-2 + -5)?
4
What is the value of 2 - (3 - 1) - 4?
-4
What is the value of -1 + 3 - (0 + 3)?
-1
(7 - 0) + -25 + 10
-8
Evaluate -10 + 9 + -6 + -2.
-9
Calculate 8 + -9 + (7 - 0).
6
42 + -38 + (-4 - 3) + -1
-4
Evaluate 0 + (3 - 3) + 0.
0
Evaluate (0 - 6 - 0) + 0 + 8.
2
7 + (-10 - (7 + -15))
5
What is -1 + 1 + 1 - 5?
-4
What is the value of (2 - (4 + (4 - 5))) + 10?
9
-1 + -2 + (6 - 6 - -1)
-2
What is -2 + 0 - (-3 - 0)?
1
What is the value of -9 + 1 - (-37 - -21)?
8
Calculate 2 + (2 - (3 + 0)).
1
What is the value of 48 - 46 - (1 + 0 + 3)?
-2
Evaluate -3 + 1 - 5 - (3 - 6).
-4
3 - (2 - -1) - (-11 - -11)
0
0 - -11 - (17 + -3 + -6)
3
(-4 - ((4 - 11) + -1)) + -6
-2
Evaluate -8 + (-2 - (-6 + 10)) + 8.
-6
1 + -1 + -2 - (-6 - -5)
-1
Evaluate -3 + 3 + 5 - 2.
3
What is the value of -4 + -4 + 3 + 4?
-1
Evaluate 4 + 1 - (2 + -14 + 18).
-1
What is the value of (2 - 3) + (-6 - -8 - 0)?
1
What is -1 + -5 + -9 + 10?
-5
Evaluate -11 + 16 + (1 + 1 - 7).
0
Calculate 4 - (-6 - -4 - -4).
2
Evaluate -1 + 2 + -3 + 0 + 1.
-1
Evaluate 1 + 3 - (2 + 6).
-4
Evaluate (3 - -2) + (-3 - (3 - -3)).
-4
Calculate (2 - (-5 + 7)) + 0.
0
Evaluate (4 - (9 + (4 - 8))) + -3.
-4
Calculate 6 - (9 + 0) - -3.
0
What is -7 - (-2 - -2 - 2) - -2?
-3
What is the value of (6 - 0 - -1) + 6 + -12?
1
What is 4 - (3 + 2 + 7)?
-8
Calculate 7 - ((1 - -11) + -2).
-3
(-5 - -12) + (-9 - 0)
-2
Calculate -1 + 4 + -8 - -4.
-1
Evaluate -3 + -1 + 8 - 1.
3
Calculate (-11 - -12) + -1 + 2.
2
What is the value of 5 + (-5 - (-6 + 7))?
-1
Calculate (-2 - -3) + (5 + -6 - -3).
3
What is -5 - (4 + -13 + 15)?
-11
(9 - (2 - -3)) + -11
-7
12 + (2 - 5) + -4
5
What is the value of -15 + (7 - (-5 - -7)) - -3?
-7
What is the value of 3 - (32 + -28 + -2 + -1)?
2
What is the value of 4 + -3 + 1 - 1?
1
Evaluate -3 + -2 + (3 - (2 + 0)).
-4
(-16 + 24 - 1) + 2 + 1
10
Calculate 4 - -7 - (3 + 1) - 4.
3
What is (15 - 17) + (2 - 0 - 4)?
-4
What is the value of -2 + 0 - (0 - 2)?
0
What is (-2 - 1) + (2 - 2) + 1?
-2
Calculate 99 + -99 - (1 - (1 + -2)).
-2
5 - (9 + (-1 - 2))
-1
-4 - (-7 - -11) - (-3 - 0)
-5
What is the value of 6 - (7 - (-6 + 3))?
-4
Calculate 2 - 5 - (-14 - -9).
2
(-1 - (-8 - -2 - -1)) + -8
-4
Calculate -73 + 59 - (0 - 0 - 5).
-9
Calculate 5 - (8 + (-1 - 2)).
0
What is the value of 8 + -19 + 4 - -2 - 6?
-11
Calculate 2 - ((-4 - -6) + 5).
-5
7 - 11 - (-2 + 0)
-2
What is the value of 2 + 2 + -1 - 2?
1
Calculate (2 - -2 - 1) + (-7 - -9).
5
What is 0 + 0 - (-51 + 49)?
2
Evaluate (1 + -12 - 1) + 159 + -153.
-6
Calculate -7 - (11 - 1 - 21).
4
What is (1 - 5) + 14 - 13?
-3
Calculate 0 + (13 - 4) + -4.
5
What is 0 - 2 - 2 - (1 - 10)?
5
Calculate 3 - 3 - (-3 - 0) - -1.
4
2 - (-7 + 3 + (6 - 2))
2
What is the value of -7 + 9 - (-1 + 10 + -3)?
-4
Evaluate -7 + -2 - (-4 - 0).
-5
Evaluate (0 - -3) + 5 + -5 + 0.
3
Evaluate (5 - (6 + -3)) + 1.
3
What is -5 - (-2 - 5) - 0?
2
Evaluate -2 + 0 + -1 + (8 - 6).
-1
What is -5 + 0 - (-29 - -29)?
-5
-1 - (4 + 0 + -5)
0
Calculate -1 + -9 + -7 + 19 + -7.
-5
Evaluate -2 - ((-4 - -3) + 1).
-2
-4 + -2 + 12 - (2 - 1)
5
1 + -4 - -5 - -6
8
Evaluate 3 + (1 - 4 - (-2 - -4)).
-2
Calculate -8 - (-8 + -14 + 12).
2
-5 - (-3 - -9 - 9)
-2
What is the value of (1 - 0) + (4 + 7 - 9)?
3
Calculate -1 + (0 - 0) + 2.
1
Calculate 2 + 11 - 9 - -5.
9
Evaluate 1 - -3 - (2 + -1).
3
What is the value of (17 - 18 - (-1 - 3)) + -6?
-3
What is (-6 - (5 - 4)) + 4?
-3
Evaluate -3 + (-4 - -10) - 1.
2
What is the value of 6 + -8 + (9 - 0 - 2)?
5
What is the value of (-3 - (8 + -6)) + -1 + 1?
-5
What is the value of (0 + 2 - 4) + 3?
1
What is (1 - (0 - -1)) + (78 - 79)?
-1
Evaluate (1 - (-6 - -7)) + -3.
-3
What is the value of 1 - (-8 - (-3 - 4))?
2
Calculate 6 + -3 + 1 + 1.
5
Evaluate -9 + 2 + -2 + 4.
-5
What is 6 + 4 + 0 + -10 - -3?
3
Calculate (-19 - -15) + (7 - 3 - 3).
-3
Calculate 6 + 0 + (7 - 9) - -1.
5
What is the value of (0 - (1 + -4)) + 1 + -9?
-5
What is the value of (2 - 2) + 0 + 0 + -1?
-1
-5 + (3 - 1) - -7
4
-2 + (-9 - -5) + (-2 - -3)
-5
-1 + (4 - 1) + -1 + 4
5
What is 12 - (16 - (2 + 11))?
9
Calculate 2 + -9 + 4 + 2.
-1
What is -58 + 54 - (-7 - 0)?
3
What is the value of -2 - (4 - (-10 - -9))?
-7
What is (2 - (0 + 2)) + 7 + -3?
4
What is -4 + (-5 - -4 - -9) - -1?
5
Evaluate (12 - 15) + (3 - -1) - -2.
3
What is (-8 - -2 - -3) + 8 + -5?
0
-4 + 1 - (-6 + -2)
5
-1 - (0 + -2) - (-2 - 2)
5
What is the value of 3 + -27 - (-6 - 8)?
-10
What is -5 + 0 + 1 - (7 - 13)?
2
Calculate 3 + 8 + (3 - 11).
3
What is 0 + (2 - -2) + 0 + -3?
1
Calculate -57 + 64 - (2 + 0) - 5.
0
What is 11 - (0 - -8 - (-1 + 7))?
9
What is (1 + -1 - -1) + (21 - 17)?
5
3 + (-2 - -1) + 1 + 2
5
What is the value of -8 + (-2 - 1 - (-51 + 31))?
9
0 + -4 + (-4 - (-10 - -4))
-2
2 - ((-1 - 3) + 1)
5
What is 1 - -1 - 0 - (-8 + 4)?
6
Evaluate 2 + (1 - 2) - 0 - -3.
4
What is 2 - (-3 - (11 + -17))?
-1
Calculate -3 - (-6 + 5 + -1 + 0).
-1
What is the value of (-13 - -19) + -8 - 4?
-6
What is the value of 3 + (4 - 5) + -1?
1
What is the value of -55 - -51 - (-14 + 1 - 1)?
10
4 - ((-5 - -8) + 1)
0
Evaluate (-2 - 0) + 12 + -4.
6
(0 + 2 - 2) + (0 - 1)
-1
Evaluate 1 + -3 + 4 + 0.
2
What is the value of 21 + -17 - (4 + -3 - -3)?
0
Calculate (7 - 8) + 1 + 1.
1
What is the value of 2 - (7 + 2) - (-34 - -29)?
-2
Calculate -5 + 6 + -4 - -7.
4
What is (5 - (17 + -6)) + 13?
7
What is 3 + -6 - 7 - -16?
6
What is the value of -16 - -26 - (5 - 1)?
6
Calculate (2 - 1) + 1 + 10 + -6.
6
What is (1 - 0) + (54 - 48)?
7
What is -9 + (3 + -14 - -13)?
-7
Evaluate 2 + -5 + 8 + 0.
5
What is the value of -9 + 7 + (-2 - -3)?
-1
What is 10 + (-6 + 4 - 3)?
5
Calculate 7 + -19 + 13 + (1 - 9).
-7
0 + (-2 - (0 - -1))
-3
Evaluate (4 - (-3 - -11)) + 0.
-4
2 - (1 + 2 - 2) - -3
4
What is the value of -5 + 9 + -1 + 2 + -1?
4
(6 - (-5 + 0)) + -7
4
-8 - ((-2 - 2) + 1)
-5
What is 2 - (-1 - (1 + -4)) - 3?
-3
What is 6 + -2 + -6 - 3?
-5
(8 - 11 - (-4 - -1)) + 2
2
What is 10 + (-11 - (-5 + 6)) + 6?
4
3 - (-4 + 13 - 7)
1
-9 + (-4 - -5) + 7
-1
(-13 - -10) + (-7 - -5)
-5
-8 + (3 + 2 - -1) + -1
-3
What is the value of -2 - (-1 + 5) - -8?
2
What is 6 + -3 - (4 - (0 - -2))?
1
Calculate -5 + (8 - 6 - 1).
-4
What is the value of -3 + (-1 - -2) - (-2 + -2)?
2
(5 - 5) + 0 - -1
1
Calculate 8 + 6 + -19 + 3.
-2
-1 + 10 - (-97 + 108)
-2
Calculate 10 - (-1 - 10) - 11.
10
Calculate (3 - 7) + 10 - (19 